ts digit of q?
4
Suppose -5*t = -20, -t + 0*t = 2*x - 742. Suppose -75 = -3*f + x. What is the tens digit of f?
4
Suppose 2*r + 461 = 4053. What is the thousands digit of r?
1
Let n = -785 + 1991. What is the tens digit of n?
0
Let w = 483 - 246. What is the units digit of w?
7
Let g(t) = t - 6. Let i be g(7). Suppose -172 + i = -3*v. Suppose 5*s - 5*x = 135, -x - 4*x + v = 3*s. What is the tens digit of s?
2
Suppose -3*h + 4*i = -4514 - 3199, -5*h = 3*i - 12826. What is the thousands digit of h?
2
What is the hundreds digit of (-6704)/(-28) + 1 + (-12)/28?
2
Suppose -4*r + 255 = -1629. What is the units digit of r?
1
Let l(c) = 7*c**3 + 30*c - 15. What is the hundreds digit of l(9)?
3
Suppose -13*g + 4392 + 7958 = 0. What is the units digit of g?
0
Suppose 3*j - 1088 = -2*i, -4*i + 2*j + 2082 = -94. What is the tens digit of i?
4
Suppose -9*l + 12*l = 0. Suppose -s - b = -32, l = -s + 4*s - b - 80. Suppose s = q + 3*f, -f - 2 = -q + 6. What is the units digit of q?
3
Let d(p) = p**3 + 6*p**2 - 5*p - 6. Let k be d(-6). Let u be 5 + 3/(0 - 3)*2. Let g = k - u. What is the tens digit of g?
2
Let o = -119 + 129. Let u(z) = z**2 + 1 - 4 - 6*z - 2. What is the units digit of u(o)?
5
Let w(g) = -28*g - 2. Let i(v) = -9*v - 1. Let f(y) = -7*i(y) + 2*w(y). What is the tens digit of f(4)?
3
Let o(s) = s**2 - 9*s + 12. Let d be o(8). Suppose 37 + 95 = d*l. What is the units digit of l?
3
Suppose t + 12 - 45 = 0. Suppose 6*o = 5*o - 8. Let m = t + o. What is the tens digit of m?
2
Let d(h) = -99*h - 212. What is the hundreds digit of d(-8)?
5
Suppose 3*i = -0*i. Suppose 3*t - 3 = i, 0*p + p - 1 = 3*t. What is the units digit of p?
4
Let t(o) = o**3 - 14*o**2 + o - 20. Let i = -7 + 21. Let q be t(i). What is the tens digit of (44/(-12))/1*q?
2
Suppose 0 = -8*u + 9*u - 29. Suppose 5*g - 2*n - 56 = 0, -2*g + 0*g = -3*n - u. Let k(x) = 4*x + 14. What is the tens digit of k(g)?
5
Let y(g) = -6*g**3 - 6*g**2 + 5*g - 5. Let i(u) = 12*u**3 + 11*u**2 - 9*u + 9. Let o(b) = -6*i(b) - 11*y(b). What is the tens digit of o(-2)?
5
Let h(a) = a**2 - 6*a + 6. Let r be (-1)/2*132/(-11). What is the units digit of h(r)?
6
Let t(q) = -3*q + 18. Let u be t(8). What is the tens digit of 16/u*468/(-24)?
5
Let z(w) = w**3 - 10*w**2 - 10*w + 9. Let j(b) = b**3 + b**2 + b. Let q be j(-3). Let u be (2 - -1)/(q/(-77)). What is the units digit of z(u)?
0
Let t(w) = 32*w**2 - 13*w + 11. What is the tens digit of t(8)?
5
What is the units digit of (-15*312/108)/(1/(-33))?
0
Let q(v) be the first derivative of v**4/4 - 10*v**3/3 - 5*v**2 - 5*v + 3. What is the units digit of q(11)?
6
Let m be 1548/27*6/4. Let f = 228 - m. What is the hundreds digit of f?
1
Suppose -4*f - 7*u + 892 = -5*u, -2*u = -4*f + 900. What is the hundreds digit of f?
2
Suppose 0 = 18*v - 21030 - 20982. What is the units digit of v?
4
What is the units digit of (-342)/(-15) - (-14)/70?
3
Let l be (-4 - (-1 - 20))*-1. Let i = 49 + l. What is the tens digit of i?
3
Let a(r) = -6*r**3 + 3*r**2 - 5*r - 2. Suppose 5*o - 4*w - 5 = 0, 5*o - o - 3*w - 3 = 0. What is the units digit of a(o)?
2
Suppose -2*d = 4*k - 82, 3*d - 5*k - 96 - 16 = 0. Suppose 200 = b + 4*b - 5*c, -2*c - d = -b. What is the units digit of b?
1
Suppose 2*l + 3*i = 2464, -155*i + 152*i = -2*l + 2464. What is the hundreds digit of l?
2
Suppose -8 + 2 = -w. Suppose f - 28 = -w. What is the units digit of f?
2
Suppose 0*f = -4*f - 2*j + 4402, 0 = -2*f - 3*j + 2195. What is the tens digit of f?
0
Let q be -1 + 3 - (2 + 14). Let a = 19 - q. Suppose 0 = 5*z - 3*g - 119, -2*g + a = 2*z - 5. What is the units digit of z?
2
Let p be (-72)/(-42) + (-2)/(-7). Let q be (1 - p)*86/(-1). Suppose r + 5*o = -r + q, -o + 78 = 2*r. What is the tens digit of r?
3
Let a = 10 - 9. Let v be a/(-3)*12/4. Let z(w) = -10*w**3 - w. What is the tens digit of z(v)?
1
Suppose -o + 4*g + 30 = -0*g, -156 = -4*o - 2*g. What is the tens digit of o?
3
Suppose -2*s = -10 - 0. Suppose -h - a + 14 = -0*h, -3*a - 38 = -s*h. What is the units digit of h/(-15)*(-45)/2?
5
Let x = 20 + 124. Let d = x + -96. Let j = -18 + d. What is the units digit of j?
0
Let d(o) = -19*o**3 + 2*o**2 - 1. Let s be d(-3). Suppose -6*v + s = -v. What is the tens digit of v?
0
Suppose -2*h + 1899 = -1149. Suppose -44*r = -38*r - h. What is the hundreds digit of r?
2
Let z(r) = -r**2 - 8*r - 9. Let s be z(-6). Suppose -s*l = -l - 3*k + 8, 14 = -4*l + 5*k. What is the units digit of 2/(0 - l) - -23?
5
Let s(p) = -97*p**3 + p**2 + 2*p + 1. Let q(l) = -l**3 + 4*l**2 - 4*l + 2. Let x be q(3). What is the units digit of s(x)?
7
Suppose -6*z - 4*t + 29 = -3*z, -5*z + 2*t = -5. Suppose -z*w - 135 = -6*w. What is the tens digit of w?
4
What is the hundreds digit of 61*(-116)/12*-3?
7
Let p = -831 + 1274. What is the units digit of p?
3
Let f(x) be the first derivative of x**4/4 + 8*x**3/3 - 4*x**2 + 8*x - 14. What is the tens digit of f(-8)?
7
What is the thousands digit of 3708 + 12/(-198) + (-1141)/231?
3
Let l(j) = -j**3 + j**2 + 5*j - 24. What is the units digit of l(-6)?
8
Let p = 2586 - 1799. What is the hundreds digit of p?
7
Let a be (-16)/5*65/(-26). Suppose a - 58 = -5*v. What is the units digit of 9/(-45) - (-72)/v?
7
Let r(u) = 7*u**3 + 95*u**2 + 10. What is the hundreds digit of r(-10)?
5
Suppose -3 = -2*a - u - 6, -2*a + 2*u = -6. Suppose -2*w + 185 = 3*k, 2*w + a*k = 2*k + 170. What is the tens digit of w?
8
Let m(q) = -2*q + 181 - 89 - 93 + 59*q**2. What is the units digit of m(-1)?
0
Let n(w) = -40 - 15*w - 37 + 84. What is the tens digit of n(-5)?
8
Let n(c) = -13*c**3 + 2*c**2 + 4*c + 3. Let p be n(-2). Let l = 119 + p. What is the units digit of l?
6
Let j = 0 - -526. What is the hundreds digit of j?
5
Let x(z) = z**2 + 7*z + 5. Let w be x(-8). Let l = w - 28. Let m(i) = -i**2 - 15*i + 20. What is the tens digit of m(l)?
2
Suppose -4*l = j - 0*j - 239, -5*j = -2*l - 1085. What is the tens digit of j?
1
Let p be (-10)/(-10) + (1 - 1). Let s = 2 - p. Suppose -c + 2 = -s. What is the units digit of c?
3
Let d(x) be the third derivative of -x**5/30 + x**4/6 - 4*x**3/3 - 8*x**2. Let h be d(6). What is the units digit of h/(-6)*(-6)/(-2)?
8
Suppose 0 = -2*f + 4, 3*k + 3*f - 844 = 350. What is the tens digit of k?
9
Let s(y) = -y**2 - 6*y + 12. Let d be s(-7). Let m(q) = q**3 - 4*q**2 + 3*q + 3. What is the units digit of m(d)?
3
Suppose y - 3 = 2*q, -q - 4 + 3 = 0. Let x be (208/y)/(-1) + 0. What is the tens digit of (6/4)/((-12)/x)?
2
Suppose 0 = 28*f + 11222 - 81670. What is the thousands digit of f?
2
Let h(b) = 131*b + 42. What is the hundreds digit of h(21)?
7
Let t(g) = 21*g + 34. What is the units digit of t(0)?
4
Suppose -50 = -6*c - 212. Let k = c + 106. What is the tens digit of k?
7
Suppose 76 = -2*k - 2*k. Let t(z) = z**3 + 19*z**2 - 4*z - 8. What is the tens digit of t(k)?
6
Suppose -4*r + 27 + 1 = -5*p, 40 = 3*r + p. Let q = r - -18. What is the units digit of q?
0
Let p(k) = 1757*k - 168. What is the thousands digit of p(3)?
5
Suppose 0 = 3*s + c - 3538 - 2278, -5*s - 2*c = -9692. What is the tens digit of s?
4
Suppose -10*h + 21 = -9. Suppose -1 = -z - 2*i, 8 = -5*z - h*i + 41. What is the units digit of z?
9
Let i = -25 + 25. Suppose -8 = -c - o, c + 0*o + 2*o - 12 = i. What is the units digit of 60*2*c/16?
0
Let n(p) = p**2 + 18*p + 45. Let z(i) = -2*i**3 - 11*i**2 + 9*i - 4. Let h be z(-6). What is the units digit of n(h)?
3
Suppose 4*c + d + 59 = -0*d, -5*c - 3*d = 79. Let q(j) be the third derivative of j**5/60 + 3*j**4/8 + j**3/6 + 6*j**2. What is the units digit of q(c)?
1
Suppose 956 = 3*p + p. Suppose 5*m - 1 - p = -z, m - 4*z = 69. Let l = -33 + m. What is the tens digit of l?
1
Let z = -63 - -131. What is the units digit of z?
8
Suppose -159 = 2*c - 3*x, -3*x = -c + 2*x - 83. Let w be 2*(c/(-4))/(-3). Let m = w + 28. What is the tens digit of m?
1
Let n(r) = -3*r**3 - 2*r**2 + 3*r + 3. Let c = -43 + 31. Let u = 10 + c. What is the units digit of n(u)?
3
Suppose 0 = -7*f + 14 + 7. Suppose f*j = -t - 67 + 231, t - 5 = 0. What is the units digit of j?
3
Suppose -3*y + 9 = 3. Suppose -h + y*h = 3*o, 0 = -3*h - 4*o. Suppose h = 3*w, -w = -0*g + 2*g - 24. What is the units digit of g?
2
Let z be (28/(-6))/(8/(-24)). Let x = z - -82. Suppose -3*c - 49 = -5*j + 39, -4*j - 4*c = -x. W